2 + 7*s + 6. What is the remainder when y is divided by v(6)?
6
Let u(c) = c**2 + 17*c + 62. Let a be (-21)/15 - (-2)/5. Let q(b) = -35*b. Calculate the remainder when u(-22) is divided by q(a).
32
Suppose 2553 = 2*i + 5*w, 3819 = 3*i + 10*w - 6*w. Calculate the remainder when i is divided by 15.
9
Suppose 3*a - 2*t + 296 = 0, -a + 2 = 3*t + 86. Let x be (0 + a)*(6 - 7) + -2. Suppose -48 = -n + x. Calculate the remainder when n is divided by 37.
31
Let f(n) = -110*n**2 + 6060*n - 14. Calculate the remainder when f(55) is divided by 11.
8
Let n be (-2)/((-6)/(-267)) + 1 + 2. What is the remainder when 165 is divided by (n/(-129))/(2/51)?
12
Let m = -10 + -2. Let t(r) = r**2 + 12*r + 5. Let y be t(m). Let n(d) = -d**3 + 7*d**2 - 6*d + 2. Calculate the remainder when 60 is divided by n(y).
16
Let y be (-2 - -5 - 7)*(-15)/6. Let k(z) = 4*z**2 - 36 + 15 + y + 3*z. What is the remainder when k(5) is divided by 35?
34
Let d = 433 - 425. What is the remainder when 67 is divided by (-5 - -2)*8*(-2)/d?
1
Let z = -1071 - -1102. Let d = 1 + 3. Suppose 65 = 5*t - 5*u, -d*t + u + 35 = -11. Calculate the remainder when z is divided by t.
9
Let q(h) = -h**3 - 3*h**2 - 2*h + 4. Let x be 8/(-36) - (-25)/(-9). Calculate the remainder when 6 + 63/(-9) + 34 is divided by q(x).
3
Suppose -2210 = 242*b - 28346. What is the remainder when b is divided by 52?
4
Let r = 2432 + -2425. Calculate the remainder when 96 is divided by r.
5
Suppose -1500 = -43*q + 2112. Suppose 0 = -5*t + q + 31. Suppose 3*b = 2*b + 3. What is the remainder when t is divided by b?
2
Suppose 41*d = 44*d + 21. Let q = d - 96. Let r = -77 - q. Calculate the remainder when 101 is divided by r.
23
Let t = -63 - -519. Suppose -5*p = -t - 169. Calculate the remainder when p is divided by 66.
59
Let i be (16/1)/(-4) - 17. Let y = 3 + -22. Let o = y - i. Calculate the remainder when 14 is divided by o.
0
Suppose 0 = -2*k - 12, 4*k = -8*r + 10*r - 48. Calculate the remainder when 257 is divided by r.
5
Suppose 0 = 73*f - 70*f - 1314. Calculate the remainder when f is divided by 10.
8
Let h be 1 + (-1)/(-1) - -3. Suppose 2*u - h = 5. Let x(m) = -m**2 - 122*m - 893. Calculate the remainder when x(-8) is divided by u.
4
What is the remainder when 2928 is divided by 6/(-18)*12*3/((-24)/58)?
28
What is the remainder when 9252/5 - ((-36)/(-120))/((-9)/18) is divided by 33?
3
Let q(v) = -v**3 + 10*v**2 + 11*v + 17. Let m be q(11). Suppose -m*r + 659 = -344. What is the remainder when r is divided by 13?
7
Let a(g) be the second derivative of -1/20*g**5 + 0 + 2/3*g**3 - 2*g + 5/6*g**4 - 13/2*g**2. Calculate the remainder when 52 is divided by a(10).
25
Let g(h) = h**3 + h**2 - 2*h + 6. Suppose 34 = 2*k - 5*j, 3*j = -4*k + 2 + 66. What is the remainder when g(4) is divided by k?
10
Let n = -250 - -293. Suppose 46*a - 888 = n*a. What is the remainder when a is divided by 60?
56
Let c be ((-13)/2)/(7/42). Let r(k) = -4*k - 56. What is the remainder when r(c) is divided by 13?
9
Let q = 4 + 50. Suppose 4*r = q + 42. Suppose 10*j = 7*j + r. Calculate the remainder when j is divided by 6.
2
Suppose 738 = r + v - 17, -2 = -2*v. What is the remainder when r is divided by 156?
130
Let q be (-6)/8 - (-13 + (-8525)/(-20)). Calculate the remainder when 57/((-3339)/q + -8) is divided by 12.
10
Suppose -2*b + 30*z - 33*z = -31832, 12*b - 5*z = 190900. Calculate the remainder when b is divided by 102.
100
Let r(t) = 5*t + 7. Let w = 197280 + -197270. Calculate the remainder when r(5) is divided by w.
2
What is the remainder when (-4)/(8/(-2 - 14)) - -162 is divided by 19?
18
Suppose f + 0*f + 2*i + 1 = 0, -4*i + 20 = 0. Calculate the remainder when f/((-3)/117*3) is divided by 6.
5
Let f = -6467 - -6488. What is the remainder when 2369 is divided by f?
17
Let t(b) = 39*b**2 - 2*b + 1. Suppose -204*h + 3677 - 1318 = -12533. Calculate the remainder when h is divided by t(1).
35
Let c = -4353 - -4559. What is the remainder when 2674 is divided by c?
202
Let i = -273 - -286. Suppose 8*u - i*u + 546 = 2*v, -2*v = -6. Calculate the remainder when u is divided by 28.
24
Let f(u) = 1338*u**2 - 26*u + 29. Calculate the remainder when f(1) is divided by 84.
81
Suppose 4*u + 3*i - 6*i = 2*u + 214, 3*i = 0. What is the remainder when u is divided by 22?
19
Suppose 0 = 5*c - 35, 12*x - 10*x + 4*c - 188 = 0. What is the remainder when 397 is divided by x?
77
Suppose o = z + 6, 5 = -3*z - 7. Suppose 4*j = -3*y + 91 - o, -j = -5. Calculate the remainder when 228 is divided by y.
21
Suppose 4187 = 5*o - 2*b, -b = -3*o + 1879 + 632. What is the remainder when o is divided by 76?
75
Let s = -60 - -18. Suppose -4*r - 20 = 0, 3*f - 2*r + 6*r = 91. Calculate the remainder when f is divided by (s/3 + 1)/(-1).
11
Calculate the remainder when (68000/15)/5*108/24 is divided by 77.
76
Let h(x) = 13*x - 79. Let c be h(6). Calculate the remainder when (53 - -4) + 3 + (-1 - c) is divided by 36.
24
Suppose -16*l - 226 = -2162. Let r(t) = 8*t - 19. Calculate the remainder when l is divided by r(10).
60
Calculate the remainder when (2 + 5*143 + 1)/((-20)/(-40)) is divided by 36.
32
Let t(p) = 2*p**2 + 242*p + 1171. Suppose -2*u + 0*u = 0. Suppose -5*z + 200 = 4*g - 0*z, u = g - z - 50. Calculate the remainder when g is divided by t(-5).
6
Suppose 5*c = -4*z - 960, -5*z + 539 = -5*c + 2*c. Let i = c + 372. Calculate the remainder when i is divided by 32.
24
What is the remainder when 5024 is divided by 45 + -1 - -8*1/(-40)*5?
36
Let t = 9 + -5. Suppose 617 = 11*c - 923. Calculate the remainder when c/18 - 8/(-144)*4 is divided by t.
0
Let v(l) = 8*l**2 + 347*l + 2236. Let s = 10 + 19. What is the remainder when v(-7) is divided by s?
25
Suppose 15 - 195 = -6*i. Suppose 37*f - i*f = 658. Calculate the remainder when f is divided by 12.
10
Suppose 11*j - 12*j - 7 = -q, 2*q + 4*j = -16. Suppose 4*n + 347 = 95. Let l = -60 - n. What is the remainder when l is divided by q?
1
Let t = 47 - 16. Suppose 5*l = 2*p - 53, -p - 56 = 7*l - 2*l. Let z(y) = y**3 + 13*y**2 + 22*y + 11. Calculate the remainder when t is divided by z(l).
9
Let i(w) = 2*w - 11. Let f be i(5). Suppose 177 + 135 = -24*y. Calculate the remainder when (-8 - y)*(3 - f) - 3 is divided by 6.
5
Suppose 181*d - 5040 = -190*d + 359*d. Calculate the remainder when 2110 is divided by d.
10
Suppose -2*k = -5 - 1, 3*u = 3*k - 261. What is the remainder when 4 is divided by 1 - (-3)/(-2) - u/56?
0
Let n(q) = q**2 - 11*q + 420. Calculate the remainder when 1722 is divided by n(27).
18
Let r = 6053 + -5994. What is the remainder when 1352 is divided by r?
54
Suppose -3*j - h = -32, -j + 2*h + 8 = j. What is the remainder when (6734/(-208))/(2/(-8))*(-18)/(-63) is divided by j?
1
Suppose x - 215 - 63 = -104. What is the remainder when x is divided by 74?
26
Let v be 1 + -2 - (3 - -88). Let p = v - -162. Let o(u) = u**2 - 4*u - 17. Calculate the remainder when p is divided by o(-4).
10
Let m(f) = 2*f**2 + 31*f + 132. Let t = -18 - -17. Let q = 29 + t. What is the remainder when m(-18) is divided by q?
26
Let p be (-3)/(-7) - (-198)/(-21). Calculate the remainder when 199 - -4 - 54/p is divided by 15.
14
Suppose 5*q - 233 = 26*g - 27*g, 0 = 2*g + 3*q - 431. Calculate the remainder when g is divided by 53.
49
Let m(k) = 2*k - 5 - 10*k - 2. Calculate the remainder when m(-5) is divided by 3 + (-64)/20*-5.
14
Let l = -12945 + 12972. Suppose 39 = 3*u + 4*j, -8*u = -3*u + j - 65. What is the remainder when l is divided by u?
1
Suppose 4*u - 374 + 114 = -4*z, -2*z + 148 = 5*u. Calculate the remainder when z is divided by (-1 - 9 - 0)*-2.
19
What is the remainder when 16199 is divided by 16*(-14)/(-224) - -24?
24
Let z = -430 - -465. What is the remainder when 151 is divided by ((-760)/z)/((-48)/21 + 2)?
75
Let n(q) = 33*q - 10. Let k = -296 + 297. Let d(t) = t**3 + 13. Calculate the remainder when n(k) is divided by d(0).
10
Suppose 2*x - 3*x = -3*k + 79, 4*x = 5*k - 134. Suppose -2722 = -5*s + 2*v, -133*s + v = -131*s - 1089. Calculate the remainder when s is divided by k.
24
Let w be (-364)/42*(2 + 2/(-4)). Let r = 7 + w. Calculate the remainder when 18 is divided by r/(-10) + 44/10.
3
Let o(h) = 5*h**2 + 9*h + 16. Let i(c) = -4*c**2 - c - 1. Let b(f) = i(f) + o(f). What is the remainder when 35 is divided by b(